he thousands digit of l?
4
Let f(r) = -r**3 + 13*r**2 - 2*r + 26298. What is the hundreds digit of f(0)?
2
Suppose 0 = -0*f - 4*f + 68. Suppose s = -5*j + 4*s - 165, 0 = 4*j + 4*s + 100. Let u = f - j. What is the tens digit of u?
4
Let o be 6/4 + 18/36. What is the hundreds digit of (-5 - -1)/(o/1224*-8)?
3
Let d = -15037 + 30560. What is the tens digit of d?
2
Let q = -28137 - -44995. What is the hundreds digit of q?
8
Suppose 3672*o - 3701*o = -969064. What is the thousands digit of o?
3
Suppose -5*u + w = -24439, 4*w = -8 + 12. What is the thousands digit of u?
4
Let v = 1292 + -2010. Let j = 1398 + v. What is the units digit of j?
0
Let c(k) = k**3 + 23*k**2 + 2*k + 39. Let s be c(-23). Let p(q) = 6*q**2 - 21*q + 21. What is the hundreds digit of p(s)?
4
Let i(v) = 900*v**2 - 6*v - 7. Let r be i(-1). Let n = r + -429. What is the units digit of n?
0
Let o = 1347 + 1883. What is the tens digit of o?
3
Let l(o) be the first derivative of 19*o**2 - 88*o - 108. What is the hundreds digit of l(26)?
9
Let k(p) = 124*p**2 + 47*p + 567. What is the hundreds digit of k(-20)?
2
Let k = -26 + 21. Let f be (-2 - -2)*k/5. Suppose w + 13*w - 2324 = f. What is the units digit of w?
6
Let s = -6 - -10. Suppose 0 = -12*g + 7*g - 2*v + 259, g - 59 = -s*v. What is the units digit of g?
1
What is the tens digit of (1482/(-15))/(((-8)/(-11150))/(64/(-160)))?
8
Suppose -4*b - 84*l = -79*l - 279419, -209503 = -3*b + 5*l. What is the tens digit of b?
4
Let a = 389 - 392. What is the units digit of a/2 + (-4485)/(-6)?
6
Let j = 65 + -62. Suppose 6*z - 1196 = -5*v + j*z, -z = -v + 236. What is the units digit of v?
8
Let s be (3843/6)/(-3 + 30/8). Suppose 0 = -23*n + 2740 - s. What is the units digit of n?
2
Let y(i) = -123 - 123 + 85 - 83*i. What is the hundreds digit of y(-16)?
1
Let x = 8 + -5. Let y(d) = 16*d**2 - 5*d + 19. Let v(o) = 3. Let s(f) = -3*v(f) + y(f). What is the hundreds digit of s(x)?
1
Let p = -296 - -27. Let b = p + 468. What is the tens digit of b?
9
Let n(z) = z**2 - z - 19. Let h be n(-5). Let c = h - 7. Suppose 9*p = c*p + 45. What is the units digit of p?
9
Let v be 0 + 458 - (-10 + 8 - -1). Let u = v - -75. What is the units digit of u?
4
Suppose -m = -2*m + 16. Suppose i - 20 + m = 0. Suppose i*f + 258 = 3*p, 3*f = -0*p - 3*p + 258. What is the tens digit of p?
8
Let p be 0 + 6/(-9)*-3. Suppose 5*l = r - 4, p*r = -0*r - l - 3. What is the tens digit of (-3)/9 + (r - 165/(-9))?
1
Suppose -5*a + 116150 = -2*g, 23222 = -16*a + 17*a - 2*g. What is the ten thousands digit of a?
2
Suppose 0 = -269*n + 258*n + 55. Suppose n*l - 2600 = -5*a, -a + 2616 = 8*l - 3*l. What is the tens digit of l?
2
Let q(k) = 8*k + 74. Let u be q(-9). Suppose 4*f - 877 = -d, -u*f - 2*d = d - 451. What is the tens digit of f?
1
Suppose 4401440 = -202*n + 18092394. What is the ten thousands digit of n?
6
Suppose 4*y - 18555 = 54582 - 16357. What is the hundreds digit of y?
1
Suppose 84*j - 638603 = -14*j + 2457511. What is the hundreds digit of j?
5
Suppose -6 = -2*o + 8. Let q(d) be the first derivative of 9*d**2 - 8*d - 80. What is the hundreds digit of q(o)?
1
Suppose 11*q + 8*q = -0*q + 527117. What is the thousands digit of q?
7
Suppose 29*q - 26*q - 10647 = 0. Let v = -2083 + q. What is the tens digit of v?
6
Let h(w) be the first derivative of 1/2*w**2 + 33*w - 7. What is the units digit of h(-27)?
6
Suppose -143 = -3*q + 847. Let u be (-20)/3*q/(-40). What is the units digit of (u - -2) + 8/6*3?
1
Let w(u) = -413*u + 19. Let n be w(-2). Suppose n = 5*v - 4*t, 2*v + 4*t = 248 + 118. What is the tens digit of v?
7
Let f be -9*(-2)/(-6) + 17. Let l = 255 - f. What is the hundreds digit of l?
2
Let x(y) = 8*y - 54. Let m be x(8). Let q be 2345*((-24)/m + 2 - 0). Let k = -657 - q. What is the hundreds digit of k?
2
What is the units digit of 1090622/78 - (2/(-3) - -1)?
2
Suppose 0 = 8607*n - 8623*n + 505936. What is the ten thousands digit of n?
3
Let i(z) = 9*z**3 + 5*z**2 + 34*z - 67. What is the hundreds digit of i(8)?
1
Let z be (-212)/2 - (-32 - -30). What is the units digit of z/(-4) - 5 - -1?
2
Let s = -121 - -123. Let y be (-39046)/70 - -1*s/(-10). What is the units digit of (y/(-20))/(-9)*-8*5?
4
Let q = -3169 - -6931. Suppose -q - 2216 = -7*n. What is the tens digit of n?
5
Let s(m) = 13*m**3 + 7*m**2 + 19*m + 9. Let n(y) = -25*y**3 - 14*y**2 - 36*y - 18. Let j(a) = 6*n(a) + 11*s(a). What is the hundreds digit of j(-5)?
7
What is the thousands digit of -1*10*(11051878/205)/(-53)?
0
Let f be (-21 + -18)/(3/2). Let p = f + 27. Let g = p + 31. What is the units digit of g?
2
Let p = 16438 - 9813. What is the hundreds digit of p?
6
Let d(g) = g**3 + 8 + 3*g**3 - 5*g**3 + 2*g - 3*g**2. Suppose 0 = 507*v - 476*v + 186. What is the hundreds digit of d(v)?
1
Suppose -10*w - 2645 = 13*w. Let a = w - -727. What is the hundreds digit of a?
6
Let m = -5511 + 7974. What is the units digit of m?
3
Suppose -f = 3*h - 11651 - 4709, 8 = -h. What is the units digit of f?
4
Suppose 0 = -135*c + 140*c - 4*y - 2386, 4*c - 3*y - 1910 = 0. What is the units digit of c?
2
Suppose 175*o - 1087893 - 73745 = 3608162. What is the thousands digit of o?
7
Suppose -9*v + 127 = -143. Suppose 6*a = 108 + v. What is the units digit of a?
3
Suppose 2*j + 148333 = 3*f, 0 = -j - 105 + 109. What is the thousands digit of f?
9
Suppose l + 5*t - 9*t = 10, 130 = 4*l + 2*t. Let h be ((-81)/(-2))/(2/12). Suppose -l*j + 33*j = h. What is the tens digit of j?
8
Let l(h) = -2*h**3 - h**2 - 3*h. Suppose b - 3 - 6 = r, -2*r = b. Let s(w) = w**3 - 5*w**2 - 9*w + 15. Let v be s(b). What is the tens digit of l(v)?
5
Suppose -2*g - i + 22952 + 7050 = 0, -5*g = -4*i - 74966. What is the tens digit of g?
9
Suppose -730*g = -732*g + 348. What is the tens digit of 244*(g/24 - 4)*1?
9
Suppose 2*n = 5*n + 2*k - 8, -3*n + 10 = 4*k. Let s(q) = 5 - n - 8 - 8*q. What is the units digit of s(-3)?
9
Let w = -37 - 72. Let q = w + 118. Let t(x) = x**3 - 7*x**2 - 2*x. What is the units digit of t(q)?
4
Let y(d) = d**3 - 11*d**2 - 6*d - 17. Let n be y(7). Let v = n - -474. Suppose v = 4*i - 81. What is the units digit of i?
5
Suppose -12*b + 3*b = -0*b. Let p(q) = q**3 - 4*q**2 + q - 4. Let o be p(4). Suppose o = 3*h - 3*d - 510, 5*d + 150 = h - b*h. What is the hundreds digit of h?
1
What is the ten thousands digit of (-4*(-1)/(-3))/((-382)/11441091)?
3
What is the tens digit of 3117 - (0 - (-96)/8)?
0
Suppose 44*s - 770829 = -39*s - 16857. What is the units digit of s?
4
Let j(d) = -d**3 - 26*d**2 + 12*d + 69. What is the thousands digit of j(-32)?
5
Suppose -3*m + 7*m = 476. Let j = -3942 - -3944. Suppose -m = -j*a + 85. What is the units digit of a?
2
Suppose -45*u + 46*u - 4143 = -3*y, -12453 = -3*u - y. What is the units digit of u?
2
Let d be (12/(-8))/((-5)/(-30)). Let y(j) = 3*j**2 - 8*j - 47. What is the hundreds digit of y(d)?
2
Suppose 4*o = 16, 1669*i - 2768 = 1667*i + 4*o. What is the hundreds digit of i?
3
Let v(o) = 1119*o**2 - 79*o - 1. What is the tens digit of v(-2)?
3
What is the tens digit of (-17800)/(-2) - 10/(110/77)?
9
Let y(z) = 5*z + 5*z - 7*z - 7. Let b be y(4). Suppose -5*x - 2*g = -5*g - 31, 35 = 5*x - b*g. What is the units digit of x?
5
Let r be (-338)/(-91) + 4/14. Let s(i) = -2*i**2 + 18*i - 34. Let b be s(6). Suppose r*q = b + 70. What is the tens digit of q?
1
Let j be 26/(-6) - (-5)/((-15)/(-4)). Let n be ((-4)/12 + 1)*j. What is the tens digit of ((-10)/15)/(n/393)?
3
Suppose 26 = 24*p - 46. Suppose -5*a + 2*t - 192 = -1214, -3*t - p = 0. What is the hundreds digit of a?
2
Let t(k) = -2*k**2 + 3*k + 188. Let d(b) = b**2 - b. Let l be d(0). What is the hundreds digit of t(l)?
1
Let q(j) = -j**2 + 1. Let v(k) = -k**3 + 18*k**2 - 11*k + 7. Let s(i) = 4*q(i) + v(i). What is the tens digit of s(9)?
1
Let b = -5765 - -11697. What is the hundreds digit of b?
9
Let u be (-8)/16*((-4)/(-2) - -20). What is the units digit of (-6 + (-955 - u))*(-2)/5?
0
Suppose 5*j + 2*z = 7*z + 32265, 3*j = -3*z + 19365. What is the thousands digit of j?
6
Let d = -88 + 99. Let x(b) = b**3 - 6*b**2 - 7*b + 15. Let u be x(d). Suppose -4*p + 409 = -u. What is the units digit of p?
8
Let b = -6015 + 11070. What is the units digit of b?
5
Let f(x) = 7*x**3 - 22*x**2 + 14*x - 68. What is the units digit of f(1